{"id":106,"date":"2021-12-31T16:30:35","date_gmt":"2021-12-31T15:30:35","guid":{"rendered":"http:\/\/confreriepeketescargots.net\/?page_id=106"},"modified":"2023-02-17T00:03:11","modified_gmt":"2023-02-16T23:03:11","slug":"nos-produits","status":"publish","type":"page","link":"http:\/\/confreriepeketescargots.net\/index.php\/nos-produits\/","title":{"rendered":"Nos produits"},"content":{"rendered":"[et_pb_section admin_label=\u00a0\u00bbsection\u00a0\u00bb]\n\t\t\t[et_pb_row admin_label=\u00a0\u00bbrow\u00a0\u00bb]\n\t\t\t\t[et_pb_column type=\u00a0\u00bb4_4&Prime;][et_pb_text admin_label=\u00a0\u00bbText\u00a0\u00bb]<p><strong><em>La confr\u00e9rie pr\u00e9sente les produits suivants :<\/em><\/strong><\/p><p><strong>Le Peket<\/strong>\u00a0avait re\u00e7u la d\u00e9nomination \u00ab\u00a0<strong>D&rsquo;Jo<\/strong>\u00ab\u00a0, rappelant Djoseph, personnage mythique cr\u00e9e par le peintre Jean Legrand. Celui-ci, d\u00e9c\u00e9d\u00e9 en 2002 est le cr\u00e9ateur des c\u00e9l\u00e8bres personnages \u00abFran\u00e7w\u00e8s et Djoseph\u00bb dont la statue a \u00e9t\u00e9 \u00e9rig\u00e9e sur la Place d&rsquo;Armes, devant l&rsquo;ancienne Bourse de Namur.\u00a0 Jean Legrand est \u00e9galement le cr\u00e9ateur de l\u2019\u00e9tiquette figurant sur nos bouteilles. <\/p><div class=\"wp-block-image\"><figure class=\"alignright size-full is-resized\"><img loading=\"lazy\" decoding=\"async\" src=\"http:\/\/confreriepeketescargots.net\/wp-content\/uploads\/2021\/12\/image.png\" alt=\"\" class=\"wp-image-114\" width=\"191\" height=\"175\"\/><\/figure><\/div><p>Djoseph repr\u00e9sente le \u00abso\u00e7on\u00bb namurois. Ce peket est distill\u00e9 sur la base d&rsquo;une recette traditionnelle. Vous pouvez d\u00e9guster le peket pur titrant g\u00e9n\u00e9ralement \u00e0 30\u00b0 ou 35 \u00b0. Il peut \u00e9galement contenir de la pulpe et du jus de citron, il prend alors la d\u00e9nomination de \u00abCitron de Namur\u00bb, il titre \u00e0 18 \u00b0.<\/p><p>Depuis ao\u00fbt 2011, une nouvelle cuv\u00e9e a \u00e9t\u00e9 cr\u00e9\u00e9e<strong>: le Peket d&rsquo;Namur et pr\u00e9sent\u00e9e lors de notre 16\u00e8me chapitre.<\/strong><\/p><p>Cette nouvelle cuv\u00e9e est enti\u00e8rement fabriqu\u00e9e avec des produits du terroir : des baies de gen\u00e9vriers cultiv\u00e9s \u00e0 Namur ainsi que des c\u00e9r\u00e9ales r\u00e9colt\u00e9es dans les champs du Namurois. Ainsi, la Confr\u00e9rie r\u00e9pond \u00e0 ce besoin d&rsquo;authenticit\u00e9 tant recherch\u00e9 de nos jours.<\/p><p><\/p><figure class=\"wp-block-image size-full\"><img loading=\"lazy\" decoding=\"async\" width=\"239\" height=\"196\" src=\"http:\/\/confreriepeketescargots.net\/wp-content\/uploads\/2021\/12\/image-1.png\" alt=\"\" class=\"wp-image-117\"\/><figcaption><strong>L&rsquo;escargot<\/strong>, (h\u00e9lix aspersa) petit ou gros gris vous est pr\u00e9sent\u00e9 dans une coquille biscuit\u00e9e et est agr\u00e9ment\u00e9 au beurre ail -persil ou ciboulette -cerfeuil.<\/figcaption><\/figure><p><\/p><div class=\"wp-block-media-text alignwide has-media-on-the-right is-stacked-on-mobile\" style=\"grid-template-columns:auto 36%\"><figure class=\"wp-block-media-text__media\"><img loading=\"lazy\" decoding=\"async\" width=\"238\" height=\"242\" src=\"http:\/\/confreriepeketescargots.net\/wp-content\/uploads\/2021\/12\/image-2.png\" alt=\"\" class=\"wp-image-120 size-full\"\/><\/figure><div class=\"wp-block-media-text__content\"><div class=\"wp-block-columns is-layout-flex wp-container-core-columns-is-layout-9d6595d7 wp-block-columns-is-layout-flex\"><div class=\"wp-block-column is-layout-flow wp-block-column-is-layout-flow\" style=\"flex-basis:100%\"><blockquote class=\"wp-block-quote is-layout-flow wp-block-quote-is-layout-flow\"><p><strong>La quiche aux escargots<\/strong>, produit reconnu au Conseil Noble du Namurois en 2007<\/p><\/blockquote><\/div><\/div><\/div><\/div>[\/et_pb_text][\/et_pb_column]\n\t\t\t[\/et_pb_row]\n\t\t[\/et_pb_section]","protected":false},"excerpt":{"rendered":"<p>La confr\u00e9rie pr\u00e9sente les produits suivants : Le Peket\u00a0avait re\u00e7u la d\u00e9nomination \u00ab\u00a0D&rsquo;Jo\u00a0\u00bb, rappelant Djoseph, personnage mythique cr\u00e9e par le peintre Jean Legrand. Celui-ci, d\u00e9c\u00e9d\u00e9 en 2002 est le cr\u00e9ateur [&hellip;]<\/p>\n","protected":false},"author":1,"featured_media":0,"parent":0,"menu_order":0,"comment_status":"closed","ping_status":"closed","template":"","meta":{"_et_pb_use_builder":"on","_et_pb_old_content":"<!-- wp:paragraph -->\n<p><strong><em>La confr\u00e9rie pr\u00e9sente les produits suivants :<\/em><\/strong><\/p>\n<!-- \/wp:paragraph -->\n\n<!-- wp:paragraph -->\n<p><strong>Le Peket<\/strong>\u00a0avait re\u00e7u la d\u00e9nomination \"<strong>D'Jo<\/strong>\", rappelant Djoseph, personnage mythique cr\u00e9e par le peintre Jean Legrand. Celui-ci, d\u00e9c\u00e9d\u00e9 en 2002 est le cr\u00e9ateur des c\u00e9l\u00e8bres personnages \u00abFran\u00e7w\u00e8s et Djoseph\u00bb dont la statue a \u00e9t\u00e9 \u00e9rig\u00e9e sur la Place d'Armes, devant l'ancienne Bourse de Namur.\u00a0 Jean Legrand est \u00e9galement le cr\u00e9ateur de l\u2019\u00e9tiquette figurant sur nos bouteilles. <\/p>\n<!-- \/wp:paragraph -->\n\n<!-- wp:image {\"align\":\"right\",\"id\":114,\"width\":191,\"height\":175,\"sizeSlug\":\"full\",\"linkDestination\":\"none\"} -->\n<div class=\"wp-block-image\"><figure class=\"alignright size-full is-resized\"><img src=\"http:\/\/confreriepeketescargots.net\/wp-content\/uploads\/2021\/12\/image.png\" alt=\"\" class=\"wp-image-114\" width=\"191\" height=\"175\"\/><\/figure><\/div>\n<!-- \/wp:image -->\n\n<!-- wp:paragraph -->\n<p>Djoseph repr\u00e9sente le \u00abso\u00e7on\u00bb namurois. Ce peket est distill\u00e9 sur la base d'une recette traditionnelle. Vous pouvez d\u00e9guster le peket pur titrant g\u00e9n\u00e9ralement \u00e0 30\u00b0 ou 35 \u00b0. Il peut \u00e9galement contenir de la pulpe et du jus de citron, il prend alors la d\u00e9nomination de \u00abCitron de Namur\u00bb, il titre \u00e0 18 \u00b0.<\/p>\n<!-- \/wp:paragraph -->\n\n<!-- wp:paragraph -->\n<p>Depuis ao\u00fbt 2011, une nouvelle cuv\u00e9e a \u00e9t\u00e9 cr\u00e9\u00e9e<strong>: le Peket d'Namur et pr\u00e9sent\u00e9e lors de notre 16\u00e8me chapitre.<\/strong><\/p>\n<!-- \/wp:paragraph -->\n\n<!-- wp:paragraph -->\n<p>Cette nouvelle cuv\u00e9e est enti\u00e8rement fabriqu\u00e9e avec des produits du terroir : des baies de gen\u00e9vriers cultiv\u00e9s \u00e0 Namur ainsi que des c\u00e9r\u00e9ales r\u00e9colt\u00e9es dans les champs du Namurois. Ainsi, la Confr\u00e9rie r\u00e9pond \u00e0 ce besoin d'authenticit\u00e9 tant recherch\u00e9 de nos jours.<\/p>\n<!-- \/wp:paragraph -->\n\n<!-- wp:paragraph -->\n<p><\/p>\n<!-- \/wp:paragraph -->\n\n<!-- wp:image {\"id\":117,\"sizeSlug\":\"full\",\"linkDestination\":\"none\"} -->\n<figure class=\"wp-block-image size-full\"><img src=\"http:\/\/confreriepeketescargots.net\/wp-content\/uploads\/2021\/12\/image-1.png\" alt=\"\" class=\"wp-image-117\"\/><figcaption><strong>L'escargot<\/strong>, (h\u00e9lix aspersa) petit ou gros gris vous est pr\u00e9sent\u00e9 dans une coquille biscuit\u00e9e et est agr\u00e9ment\u00e9 au beurre ail -persil ou ciboulette -cerfeuil.<\/figcaption><\/figure>\n<!-- \/wp:image -->\n\n<!-- wp:paragraph -->\n<p><\/p>\n<!-- \/wp:paragraph -->\n\n<!-- wp:media-text {\"mediaPosition\":\"right\",\"mediaId\":120,\"mediaType\":\"image\",\"mediaWidth\":36} -->\n<div class=\"wp-block-media-text alignwide has-media-on-the-right is-stacked-on-mobile\" style=\"grid-template-columns:auto 36%\"><figure class=\"wp-block-media-text__media\"><img src=\"http:\/\/confreriepeketescargots.net\/wp-content\/uploads\/2021\/12\/image-2.png\" alt=\"\" class=\"wp-image-120 size-full\"\/><\/figure><div class=\"wp-block-media-text__content\"><!-- wp:columns -->\n<div class=\"wp-block-columns\"><!-- wp:column {\"width\":\"100%\"} -->\n<div class=\"wp-block-column\" style=\"flex-basis:100%\"><!-- wp:quote -->\n<blockquote class=\"wp-block-quote\"><p><strong>La quiche aux escargots<\/strong>, produit reconnu au Conseil Noble du Namurois en 2007<\/p><\/blockquote>\n<!-- \/wp:quote --><\/div>\n<!-- \/wp:column --><\/div>\n<!-- \/wp:columns --><\/div><\/div>\n<!-- \/wp:media-text -->","_et_gb_content_width":"","_EventAllDay":false,"_EventTimezone":"","_EventStartDate":"","_EventEndDate":"","_EventStartDateUTC":"","_EventEndDateUTC":"","_EventShowMap":false,"_EventShowMapLink":false,"_EventURL":"","_EventCost":"","_EventCostDescription":"","_EventCurrencySymbol":"","_EventCurrencyCode":"","_EventCurrencyPosition":"","_EventDateTimeSeparator":"","_EventTimeRangeSeparator":"","_EventOrganizerID":[],"_EventVenueID":[],"_OrganizerEmail":"","_OrganizerPhone":"","_OrganizerWebsite":"","_VenueAddress":"","_VenueCity":"","_VenueCountry":"","_VenueProvince":"","_VenueState":"","_VenueZip":"","_VenuePhone":"","_VenueURL":"","_VenueStateProvince":"","_VenueLat":"","_VenueLng":"","_VenueShowMap":false,"_VenueShowMapLink":false,"footnotes":""},"class_list":["post-106","page","type-page","status-publish","hentry"],"_links":{"self":[{"href":"http:\/\/confreriepeketescargots.net\/index.php\/wp-json\/wp\/v2\/pages\/106","targetHints":{"allow":["GET"]}}],"collection":[{"href":"http:\/\/confreriepeketescargots.net\/index.php\/wp-json\/wp\/v2\/pages"}],"about":[{"href":"http:\/\/confreriepeketescargots.net\/index.php\/wp-json\/wp\/v2\/types\/page"}],"author":[{"embeddable":true,"href":"http:\/\/confreriepeketescargots.net\/index.php\/wp-json\/wp\/v2\/users\/1"}],"replies":[{"embeddable":true,"href":"http:\/\/confreriepeketescargots.net\/index.php\/wp-json\/wp\/v2\/comments?post=106"}],"version-history":[{"count":8,"href":"http:\/\/confreriepeketescargots.net\/index.php\/wp-json\/wp\/v2\/pages\/106\/revisions"}],"predecessor-version":[{"id":587,"href":"http:\/\/confreriepeketescargots.net\/index.php\/wp-json\/wp\/v2\/pages\/106\/revisions\/587"}],"wp:attachment":[{"href":"http:\/\/confreriepeketescargots.net\/index.php\/wp-json\/wp\/v2\/media?parent=106"}],"curies":[{"name":"wp","href":"https:\/\/api.w.org\/{rel}","templated":true}]}}

[et_pb_section admin_label= »section »]
			[et_pb_row admin_label= »row »]
				[et_pb_column type= »4_4&Prime;][et_pb_text admin_label= »Text »]<p><strong><em>La confrérie présente les produits suivants :</em></strong></p><p><strong>Le Peket</strong> avait reçu la dénomination « <strong>D&rsquo;Jo</strong>« , rappelant Djoseph, personnage mythique crée par le peintre Jean Legrand. Celui-ci, décédé en 2002 est le créateur des célèbres personnages «Françwès et Djoseph» dont la statue a été érigée sur la Place d&rsquo;Armes, devant l&rsquo;ancienne Bourse de Namur.  Jean Legrand est également le créateur de l’étiquette figurant sur nos bouteilles. </p><div class="wp-block-image"><figure class="alignright size-full is-resized"><img loading="lazy" decoding="async" src="http://confreriepeketescargots.net/wp-content/uploads/2021/12/image.png" alt="" class="wp-image-114" width="191" height="175"/></figure></div><p>Djoseph représente le «soçon» namurois. Ce peket est distillé sur la base d&rsquo;une recette traditionnelle. Vous pouvez déguster le peket pur titrant généralement à 30° ou 35 °. Il peut également contenir de la pulpe et du jus de citron, il prend alors la dénomination de «Citron de Namur», il titre à 18 °.</p><p>Depuis août 2011, une nouvelle cuvée a été créée<strong>: le Peket d&rsquo;Namur et présentée lors de notre 16ème chapitre.</strong></p><p>Cette nouvelle cuvée est entièrement fabriquée avec des produits du terroir : des baies de genévriers cultivés à Namur ainsi que des céréales récoltées dans les champs du Namurois. Ainsi, la Confrérie répond à ce besoin d&rsquo;authenticité tant recherché de nos jours.</p><p></p><figure class="wp-block-image size-full"><img loading="lazy" decoding="async" width="239" height="196" src="http://confreriepeketescargots.net/wp-content/uploads/2021/12/image-1.png" alt="" class="wp-image-117"/><figcaption><strong>L&rsquo;escargot</strong>, (hélix aspersa) petit ou gros gris vous est présenté dans une coquille biscuitée et est agrémenté au beurre ail -persil ou ciboulette -cerfeuil.</figcaption></figure><p></p><div class="wp-block-media-text alignwide has-media-on-the-right is-stacked-on-mobile" style="grid-template-columns:auto 36%"><figure class="wp-block-media-text__media"><img loading="lazy" decoding="async" width="238" height="242" src="http://confreriepeketescargots.net/wp-content/uploads/2021/12/image-2.png" alt="" class="wp-image-120 size-full"/></figure><div class="wp-block-media-text__content"><div class="wp-block-columns is-layout-flex wp-container-core-columns-is-layout-9d6595d7 wp-block-columns-is-layout-flex"><div class="wp-block-column is-layout-flow wp-block-column-is-layout-flow" style="flex-basis:100%"><blockquote class="wp-block-quote is-layout-flow wp-block-quote-is-layout-flow"><p><strong>La quiche aux escargots</strong>, produit reconnu au Conseil Noble du Namurois en 2007</p></blockquote></div></div></div></div>[/et_pb_text][/et_pb_column]
			[/et_pb_row]
		[/et_pb_section]

<p>La confrérie présente les produits suivants : Le Peket avait reçu la dénomination « D&rsquo;Jo », rappelant Djoseph, personnage mythique crée par le peintre Jean Legrand. Celui-ci, décédé en 2002 est le créateur [&hellip;]</p>

<!-- wp:paragraph -->
<p><strong><em>La confrérie présente les produits suivants :</em></strong></p>
<!-- /wp:paragraph -->

<!-- wp:paragraph -->
<p><strong>Le Peket</strong> avait reçu la dénomination "<strong>D'Jo</strong>", rappelant Djoseph, personnage mythique crée par le peintre Jean Legrand. Celui-ci, décédé en 2002 est le créateur des célèbres personnages «Françwès et Djoseph» dont la statue a été érigée sur la Place d'Armes, devant l'ancienne Bourse de Namur.  Jean Legrand est également le créateur de l’étiquette figurant sur nos bouteilles. </p>
<!-- /wp:paragraph -->

<!-- wp:image {"align":"right","id":114,"width":191,"height":175,"sizeSlug":"full","linkDestination":"none"} -->
<div class="wp-block-image"><figure class="alignright size-full is-resized"><img src="http://confreriepeketescargots.net/wp-content/uploads/2021/12/image.png" alt="" class="wp-image-114" width="191" height="175"/></figure></div>
<!-- /wp:image -->

<!-- wp:paragraph -->
<p>Djoseph représente le «soçon» namurois. Ce peket est distillé sur la base d'une recette traditionnelle. Vous pouvez déguster le peket pur titrant généralement à 30° ou 35 °. Il peut également contenir de la pulpe et du jus de citron, il prend alors la dénomination de «Citron de Namur», il titre à 18 °.</p>
<!-- /wp:paragraph -->

<!-- wp:paragraph -->
<p>Depuis août 2011, une nouvelle cuvée a été créée<strong>: le Peket d'Namur et présentée lors de notre 16ème chapitre.</strong></p>
<!-- /wp:paragraph -->

<!-- wp:paragraph -->
<p>Cette nouvelle cuvée est entièrement fabriquée avec des produits du terroir : des baies de genévriers cultivés à Namur ainsi que des céréales récoltées dans les champs du Namurois. Ainsi, la Confrérie répond à ce besoin d'authenticité tant recherché de nos jours.</p>
<!-- /wp:paragraph -->

<!-- wp:paragraph -->
<p></p>
<!-- /wp:paragraph -->

<!-- wp:image {"id":117,"sizeSlug":"full","linkDestination":"none"} -->
<figure class="wp-block-image size-full"><img src="http://confreriepeketescargots.net/wp-content/uploads/2021/12/image-1.png" alt="" class="wp-image-117"/><figcaption><strong>L'escargot</strong>, (hélix aspersa) petit ou gros gris vous est présenté dans une coquille biscuitée et est agrémenté au beurre ail -persil ou ciboulette -cerfeuil.</figcaption></figure>
<!-- /wp:image -->

<!-- wp:paragraph -->
<p></p>
<!-- /wp:paragraph -->

<!-- wp:media-text {"mediaPosition":"right","mediaId":120,"mediaType":"image","mediaWidth":36} -->
<div class="wp-block-media-text alignwide has-media-on-the-right is-stacked-on-mobile" style="grid-template-columns:auto 36%"><figure class="wp-block-media-text__media"><img src="http://confreriepeketescargots.net/wp-content/uploads/2021/12/image-2.png" alt="" class="wp-image-120 size-full"/></figure><div class="wp-block-media-text__content"><!-- wp:columns -->
<div class="wp-block-columns"><!-- wp:column {"width":"100%"} -->
<div class="wp-block-column" style="flex-basis:100%"><!-- wp:quote -->
<blockquote class="wp-block-quote"><p><strong>La quiche aux escargots</strong>, produit reconnu au Conseil Noble du Namurois en 2007</p></blockquote>
<!-- /wp:quote --></div>
<!-- /wp:column --></div>
<!-- /wp:columns --></div></div>
<!-- /wp:media-text -->
